t q = k + 297. Calculate the remainder when q is divided by 14.
11
Let x = -15597 + 15652. What is the remainder when 9840 is divided by x?
50
Suppose 0 = -108*z + 79*z + 725. What is the remainder when 108 is divided by z?
8
Let u be -12 - -14 - (-22 - 1). Suppose 4*k + 55 = -5*r, -2*r + 3*r - 2*k = -u. Let c = -4 - r. Calculate the remainder when c is divided by 2.
1
Suppose 19*d - 4*d = 165. Suppose d*x - 120 = 3*x. Suppose -l + 7 + 20 = 0. Calculate the remainder when l is divided by x.
12
Suppose -80 - 32 = p - 5*c, 0 = -5*c + 20. Let g = p + 195. Calculate the remainder when g is divided by 15 + 8 + (-1 - 0).
15
Suppose -3*c = 5*s - 3*s + 8, 5*s = -c - 7. Let g(f) = -226*f**3 - 2*f. Calculate the remainder when g(s) is divided by 7.
4
Let j = -858 - -854. Let g(p) = 26*p + 124. Calculate the remainder when 95 is divided by g(j).
15
Let v = -6377 + 6383. Calculate the remainder when 95 is divided by v.
5
Let y(t) = 3*t - 6*t - 1 + 4*t + 3. Let b be y(1). Calculate the remainder when 32 is divided by -6*((-9)/2 + b).
5
Suppose -7*b + 3*b - 48 = 0. Let y(g) = -15*g - 131. Calculate the remainder when 94 is divided by y(b).
45
Let k = -15 + 8. Let p be 1100/(-70) - (-2)/k. Calculate the remainder when 52*(20/p)/(-5) is divided by 8.
5
Suppose -2*s + 756 = 3*f, -710*s = -711*s + f + 368. What is the remainder when 1797 is divided by s?
309
Let a(c) = 36*c**3 + 36*c**2 - 74*c + 1. What is the remainder when 41608 is divided by a(2)?
283
Let o = 24637 - 18424. What is the remainder when o is divided by 55?
53
Suppose 22 = 14*g - 90. Suppose g*y = 5*y - 5*i + 46, 3*i = y - 6. What is the remainder when 287 is divided by y?
11
Suppose -43*z + 5160 = -0*z. Let y = 177 - z. What is the remainder when 223 is divided by y?
52
Let n be 1*33 - (2 - 3). Suppose -3*z + f = 8 - 85, -z = -2*f - n. What is the remainder when z is divided by -18*(663/1326)/((-2)/2)?
6
Suppose 3592*p - 550 = 3590*p + 4*w, -4*p = 4*w - 1004. Let z be 3/(9/237) + 0. Suppose 1 = 4*u - z. What is the remainder when p is divided by u?
19
Let o = -10772 - -14348. What is the remainder when o is divided by 1190?
6
Suppose -2*j - 3*d = 1251, -7*d = 2*j - 6*d + 1253. Let s = j + 926. What is the remainder when s is divided by 50?
49
Let f(m) = 23*m + 73. Let i = -774 + 790. Calculate the remainder when f(7) is divided by i.
10
Let a(j) = 0*j - 9 + 8 - 14 - j. Let d be a(2). Let b = d + 35. What is the remainder when 88 is divided by b?
16
Let f be 7/14 + (-278)/(-4). Let j = f + -50. Calculate the remainder when 179 is divided by (-7 - -1)/((-8)/j).
14
Let i(t) = t**3 + 10*t**2 - 87*t - 632. Suppose 3*g - 84 = 93. Calculate the remainder when i(-7) is divided by g.
6
Suppose 0 = 2*o + 23 - 7. Suppose -24*z = -18*z + 1530. Calculate the remainder when 49 is divided by 2*(2/o - z/20).
24
Let b = 8749 - 8711. Let n(t) = 4*t**2 + 4*t - 8. What is the remainder when n(13) is divided by b?
36
Suppose -26*s - 2014 = -32*s + 3950. What is the remainder when s is divided by 490?
14
Let c = 402 + -366. Suppose 0 = 2*s - 10, 34*s + 1075 = 5*q + c*s. What is the remainder when q is divided by 12?
9
Suppose a + 715 - 2111 = 0. What is the remainder when a is divided by 73?
9
Let j be 2/((6/(-3))/(-2)). Suppose -j*l - 8 + 8 = 0. Suppose -5*w + 4*u + 151 = l, -8*u = -3*w - 6*u + 91. What is the remainder when 117 is divided by w?
24
Suppose 448 = 13*z - z + 2*z. Calculate the remainder when z is divided by ((-14)/(-3))/((-2)/(-3)).
4
Let k = -33 + 31. Let l(y) = 4*y + 3. Let x be l(-2). What is the remainder when (k - x) + -3 + 3 is divided by 1?
0
Let o(t) = -2*t**3 - 18*t**2 - 3*t + 62. Calculate the remainder when o(0) is divided by 18.
8
Suppose 4179 = -8*l + 4875. What is the remainder when l is divided by 13?
9
Let t(x) = -x**2 + 119*x - 3026. What is the remainder when t(63) is divided by 105?
82
Calculate the remainder when 6261 is divided by -1 + (1 + (10 - 0))/(150/1200).
84
Let c = -3629 - -3675. What is the remainder when 318 is divided by c?
42
Calculate the remainder when 2571 is divided by (12/(-12))/(5 - 9)*88.
19
Let w = -199 - 531. Let x = 813 + w. Calculate the remainder when 161 is divided by x.
78
Let l = 47 + -47. Suppose 3*n + l = -0. Suppose n = -m - 5*m + 78. Calculate the remainder when 180 is divided by m.
11
Let p = 17 + -14. Suppose 4*t - 140 = 2*c, 2 + 1 = p*t. Let o = 7 - c. Calculate the remainder when o is divided by 13.
10
Let x = 3738 - 3725. What is the remainder when 187 is divided by x?
5
Let p = 13992 + -13956. Calculate the remainder when 3952 is divided by p.
28
Let f = -937 - -1059. What is the remainder when 368 is divided by f?
2
Suppose 19*d - 21*d = -439 + 9. Suppose 12 = 3*f, 5*f - 28 = -2*u - 2*u. Suppose 3*g - d = -u*g. What is the remainder when g is divided by 22?
21
Suppose 4*w - 84 = 4*r, -3*r - 17 + 4 = -w. What is the remainder when 129 is divided by w?
4
Let m(b) = -b**2 + 38*b - 72. Let n be m(2). Suppose 2*u + 24*u - 1352 = n. What is the remainder when u is divided by 12?
4
Suppose -22*w = -16*w + 24*w - 8760. What is the remainder when 3211 is divided by w?
291
Let j = 21789 + -21721. What is the remainder when 2446 is divided by j?
66
Let g(t) = 3*t**3 + 18*t**2 + 29*t - 150. What is the remainder when g(9) is divided by 16?
12
Let i be 0 - (-6)/((-2 - -1)*-1). Calculate the remainder when 84 is divided by (2 - 6/9)/(i/99).
18
Suppose -s = -4*a - 17, 2*a + 3 = -0*s - 5*s. Calculate the remainder when (4082/(-39))/(a/6) is divided by 53.
51
Let y(p) = -32*p**3 + 5*p**2 + 5*p - 1. Let t be (38/(-7) - (-24)/(-42)) + 4. What is the remainder when y(t) is divided by 21?
13
Suppose 43 + 9 = 2*o. Suppose 4*m = -q + 19, -4*m - 31 - 91 = -2*q. Calculate the remainder when q is divided by o.
21
Let r = 33723 - 30726. Calculate the remainder when r is divided by 15.
12
Let l be 6/8 + 462/24. Suppose l = 2*x - 40. What is the remainder when x is divided by -3*52/(-12) + -2?
8
Let n(g) = g**3 - 7*g**2 + 8*g + 16. Let a be n(7). Suppose a = 10*f - 7*f. What is the remainder when 2 is divided by (3/(-4))/(6 - 153/f)?
0
Suppose -5*g - 4*m + 2248 = 0, -g - 1019*m + 430 = -1021*m. What is the remainder when 896 is divided by g?
8
Let y be 12*6*-9*(-2)/24. Let t = -40 + y. Suppose -f + c + t = -c, -f + c = -15. Calculate the remainder when 43 is divided by f.
11
Suppose 294*q + 8 = 298*q, 2*q - 582 = -w. What is the remainder when w is divided by 286?
6
Suppose 10*h = 7*h - 5*b + 451, 25 = 5*b. Let p(z) = 9*z - 3. Calculate the remainder when h is divided by p(3).
22
Suppose 2*n - n = -2*h + 5, 2*h - 4*n + 10 = 0. What is the remainder when (39 - 38)/(0 - -1) is divided by h?
0
Suppose -2*i - 83*a = -82*a - 165, 4*i - 333 = -5*a. Calculate the remainder when i is divided by ((-12)/54)/(4/(-36)).
0
Suppose 2*p + 255 = -3*p. Let h = 71 + p. Suppose -221*x = -223*x - 4*s + 360, 136 = x - 2*s. Calculate the remainder when x is divided by h.
18
Suppose -390 = -19*m + 13*m. Suppose -6*c - 8 + 86 = 0. Suppose c*a = -m + 247. Calculate the remainder when 63 is divided by a.
7
Calculate the remainder when 113 is divided by ((-856)/749)/(4/(-182)).
9
Suppose 3*p = u + 5, 2*u = -3*p - p + 40. Suppose 25*k - 15*k + 2680 = 0. What is the remainder when 6/8*(-7)/21*k is divided by u?
7
Suppose 100 = 3*h + 5*v, 3*v - 137 = h - 5*h. Let s = -132 + 123. Calculate the remainder when h is divided by (-3)/(-9) - 105/s.
11
Let j = 7481 - 6197. Calculate the remainder when j is divided by 16.
4
Let h(t) = t**2 + t. Let a(s) = -s**3 + 26*s**2 + 78*s - 44. Let z(u) = -a(u) + 5*h(u). What is the remainder when 98 is divided by z(24)?
18
Let l(r) = -r**2 - 8*r - 3. Let z(o) = -26*o + 130. What is the remainder when z(4) is divided by l(-3)?
2
Let u be (-5 + -10)/3 - -275. Let h = u + -41. What is the remainder when h is divided by 39?
34
Let z(s) = 13*s**2 + 12*s + 2. Suppose -6*q - 3*q + 18 = 0. What is the remainder when z(q) is divided by 22?
12
Suppose -5*x - 3*p = -8672, x - 8*p - 1716 = -4*p. Suppose -5*f + 2165 = 6*z - 11*z, 4*f - 3*z = x. What is the remainder when f is divided by 15?
13
Suppose -3*l + 48 - 13 = 5*r, 3*l + 3*r - 27 = 0. Let o(p) = 20*p - 92. Calculate the remainder when o(l) is divided by 8.
0
Suppose b - 1 = -2*k, 5*b - 26 = b + 3*k. Suppose 91 + 209 = 